 100 - 2584*v. Let p be f(-4). What is the greatest common divisor of p and 8?
4
Suppose 43 = 10*k - 87. Let a = 16 - k. Let y be ((-102)/9 + a)/((-1)/9). Calculate the greatest common divisor of 45 and y.
15
Suppose -72*x = -77*x + 70. Suppose 5*y + 81 = 2*j, 10*y - x*y - 132 = -4*j. What is the greatest common factor of j and 126?
14
Let n be 0 - (-2411)/4 - 2/(-8). Let u = n - 311. Suppose -4*g = -3*y + u, -2*y - 4*g + 380 = 2*y. What is the greatest common divisor of 12 and y?
12
Let z(q) = 109*q**2 - 2*q - 1. Let g be z(-1). Let h(a) = -a**2 + 7454*a + 74670. Let b be h(-10). Calculate the highest common divisor of g and b.
10
Let g be 2 + -3 - 5/(-10)*1398. Let n = 792 - g. What is the highest common factor of 282 and n?
94
Suppose 22 = 5*j - 2*z, 3*j + 2*z - 1 - 9 = 0. Calculate the highest common factor of 148 and j.
4
Suppose 2483*i = 2473*i + 1330. Calculate the highest common factor of i and 209.
19
Let d be ((-7208)/56 - -13)/(4/(-672)). Calculate the greatest common divisor of d and 80.
80
Suppose -2*h + 3*y = -0*h - 9, -5*y - 15 = 0. Suppose h = -4*c + 8 + 100. Suppose -3 - c = -f. Calculate the highest common divisor of f and 20.
10
Let t(l) = -11*l**3 - 2*l - 1. Let f = 158 - 159. Let j be t(f). What is the greatest common factor of j and 132?
12
Suppose -10*n - 684 = -48*n. Let i be (2 - (-32)/(-18)) + 2084/n. Calculate the greatest common factor of i and 406.
58
Let t = 287 + -287. Suppose 44*r - 45*r + 84 = t. Let z(i) = i**3 - 8*i**2 - 3*i - 12. Let j be z(9). What is the highest common divisor of r and j?
42
Let q(h) = 3*h**2 + 185*h - 81. Let a be q(27). Calculate the highest common divisor of 27 and a.
27
Suppose j - 4846 = -4390. Calculate the greatest common factor of j and 72.
24
Let a(u) = 25*u + 1481. Let j be a(-56). What is the highest common divisor of j and 1755?
27
Suppose -3*g + 28 = -4*m, -4*m = -13 - 7. Calculate the highest common divisor of g and 2880.
16
Suppose -364*h = 210*h - 205*h - 48708. What is the greatest common divisor of 1872 and h?
12
Let m be (85 - -13)*(2 - -3). Suppose m*d + 78 = 496*d. What is the greatest common divisor of 221 and d?
13
Suppose 4*g - 255 = 5*p, 5*g - 13*p = -14*p + 297. Suppose -13*l = -23*l + g. What is the greatest common factor of 78 and l?
6
Let w be 254 - ((-1)/(-12))/((-1)/4)*12. Calculate the greatest common factor of 2967 and w.
129
Let u be ((-1)/3)/(15/(-180)). Suppose 0 = -2*o + y + 323, u*o - 649 = y + 2*y. Calculate the greatest common factor of 40 and o.
40
Suppose 0 = 14*k - 3515 - 1369 - 4636. Calculate the greatest common divisor of 85 and k.
85
Let y be 18/(-15) + (-666)/(-30). Suppose -4*n - c = -209, 17*n = y*n - 2*c - 206. Calculate the greatest common divisor of n and 572.
52
Let y(x) = 7*x - 7. Let k be y(6). Suppose 137 = 4*h - i + 22, 3*h = 4*i + 96. Suppose -33*n + 525 = -h*n. What is the greatest common divisor of n and k?
35
Suppose 24645 = 59*l + 1281. Calculate the greatest common factor of l and 99.
99
Let r(z) = -36*z - 2015. Let w be r(-74). What is the greatest common factor of w and 1239?
59
Let r(o) = -1475*o + 315. Let h be r(-3). Calculate the highest common factor of h and 60.
60
Let a be ((-13)/(-2))/((-2)/(-24) - 4/(-24)). Calculate the highest common factor of 793 and a.
13
Let a be (0 + -12)*(14/(-168) + 11/(-12)). What is the greatest common divisor of a and 7872?
12
Let k(f) be the first derivative of 31*f**2/2 + 188*f + 58. Let s be k(6). Calculate the highest common divisor of 68 and s.
34
Let q be 162747/6 + -2 - 49/((-2450)/(-125)). What is the highest common divisor of q and 40?
40
Suppose 2*w + 484 = 6*w. Suppose w*s - 112*s - 891 = 0. Calculate the highest common divisor of 72 and s.
9
Suppose 580*i - 579*i - 2*m = 126, -3*i + 4*m = -392. What is the highest common factor of i and 500?
20
Suppose -40*u + 756 = 149*u. Calculate the greatest common factor of 209 and u.
1
Let p(f) = -9*f**3 - 4*f**2 - f + 2. Let x be p(-3). Suppose -52733 - 115338 - 40654 = -557*d - 2078. What is the highest common factor of d and x?
53
Let a = 2479 + -2243. Calculate the greatest common divisor of a and 4307.
59
Let h(w) = w**3 - 17*w**2 - 18*w + 6. Let v be h(18). Suppose -14*k = -8*k - v. Let n be (-132)/9*(-2 - k). What is the highest common divisor of 66 and n?
22
Suppose -4*r = 4*g - 4312, 4*r - 2158 = 2*r - g. Suppose 20008 = 946*o - 13662 - 4170. What is the greatest common divisor of r and o?
40
Let b be 6/(-18)*3*(-306 + (14 - 7)). What is the highest common factor of 575 and b?
23
Suppose -6 - 2 = -2*h. Suppose -h*v = 44*b - 43*b - 529, -2*b = 4*v - 530. Calculate the highest common factor of v and 12.
12
Let p(z) = -5 + 2296*z + 26 - 1144*z - 1151*z. Let g(d) = -2*d**2 - 2*d - 1. Let k be g(2). Let o be p(k). Calculate the greatest common divisor of o and 1.
1
Let d(g) = -g**2 + 15*g - 26. Let u be 456/48 + (-1)/(-2). Let o be d(u). Calculate the greatest common divisor of 48 and o.
24
Let k be 614/11 - 6/(-33). Let g be 3 - ((-96)/6 - -1). Let l(w) = w**3 - 19*w**2 + 22*w + 12. Let o be l(g). What is the greatest common divisor of k and o?
28
Let v(g) = -6*g. Let x be v(-7). Let k = 11690 - 11666. What is the greatest common factor of x and k?
6
Let h = 1671 + 957. What is the greatest common divisor of 72 and h?
36
Let x be 18/7 - (64/14)/8. Suppose -b = -5*r + x*b + 395, 3*r + 5*b - 203 = 0. Let k = -5 - -24. What is the greatest common factor of k and r?
19
Suppose 0 = -3*x + 556 + 314. Let b be (-1 + -6 - -4) + 4. Let v be (-2 + b)/((-10)/x). Calculate the highest common divisor of 261 and v.
29
Let y = -209 + 511. Let x = 326 - y. Calculate the highest common factor of 9 and x.
3
Suppose 0*g = d + g, -5*g + 10 = 0. Let l be -3*(-1)/d*(-560)/6. Let k be (-9 + 3)*40/(-12). Calculate the highest common divisor of l and k.
20
Let f be (-6 - -5) + -23*(-300 - -8). What is the greatest common factor of 85 and f?
85
Let p be 254 + -7 + 6/3 - 6. What is the greatest common factor of 621 and p?
27
Suppose -v + 37 = 3*g - 38, -4*g = v - 78. Suppose -t - 3*w - 223 + 685 = 0, -3*t - 2*w = -1386. Calculate the highest common factor of t and v.
66
Let b be (-3*1)/((-1)/68). Let o be (40/(-120))/(2/804). Let r = o + b. Calculate the greatest common divisor of r and 10.
10
Let v(x) = -x**3 + 83*x**2 + 2*x + 66. Let g be v(83). What is the greatest common divisor of g and 40?
8
Suppose 47 = 5*n - 63. Suppose z = -18 + n. Suppose 2*v - 4*b - 44 = 0, 5*b - b = -z*v + 64. Calculate the greatest common factor of v and 162.
18
Suppose 0 = 50*o - 55*o - 4*l + 211, 5*l = -5*o + 215. What is the greatest common factor of o and 312?
39
Suppose m + 206 - 198 = 0. Let d be (-2)/(-7) - (9372/(-28) + m). Calculate the greatest common divisor of 147 and d.
49
Let m(j) = j**3 - 20*j**2 + 21*j - 26. Let q(y) = -y**2 - 1. Let b be q(-6). Let v = 56 + b. Let g be m(v). What is the greatest common divisor of g and 18?
6
Suppose 11*u = 2*u + 2*u. Let t be (72*-1)/(-2) + u. Suppose -5*v = -7*w + 3*w - 85, -t = -v - 3*w. Calculate the greatest common factor of v and 189.
21
Suppose -4*l + 522 = -2*u, 3*u - 680 = 1009*l - 1014*l. Calculate the greatest common divisor of l and 336.
7
Let f(d) = -d**2 - 11*d + 12. Let o be f(0). Calculate the greatest common factor of 1590 and o.
6
Let h be 30/16*(-3696)/(-55). What is the greatest common divisor of h and 1162?
14
Suppose j = -7*j + 960. Suppose 3*z + 4*x - 106 = 0, 0*z - 108 = -4*z + 3*x. What is the highest common factor of z and j?
30
Suppose -7 = -b - 4*t + 6*t, 2*t = 3*b - 17. Suppose 2*d = b*d. Let x = 26 - d. Calculate the greatest common divisor of 26 and x.
26
Let j be 1 + (-15)/6 + ((-133300)/(-40))/43. What is the highest common divisor of j and 192?
4
Let a = -1067 + 2116. Let m = 1946 - a. Calculate the highest common factor of m and 39.
39
Let j be 20/4*(-312)/(-40). Suppose 2*s + 4 = 4*s. Suppose -10*h = -7*h + 5*c - 59, -34 = -s*h - 2*c. What is the highest common divisor of h and j?
13
Let o = -3017 + 3251. What is the greatest common factor of 806 and o?
26
Suppose 5*h - x + 34 = -4*x, -h + 4*x = 16. Let c = -3 - h. Let t = 6810 - 6805. What is the greatest common factor of t and c?
5
Let w = 32 + 1. Suppose 2*v + 3*u - 41 = 0, 2*v - 18 = -5*u + w. Suppose -8 = -o + v. What is the highest co